 of g**5/60 + 5*g**4/4 + 95*g**3/3 - 267*g**2. Calculate the remainder when v(-31) is divided by 45.
41
Suppose 4*m + 35 = -3*k + 153, 5*k - 2*m = 136. What is the remainder when 5429 is divided by k?
29
Let j(p) = -p**3 - 3*p**2 + 22*p + 1. What is the remainder when 218 is divided by j(3)?
10
Let j = 3765 - -1232. What is the remainder when j is divided by 20?
17
Let p(k) = -k**2 + 15*k - 45. Calculate the remainder when 4078 is divided by p(5).
3
Let z = -23346 + 23362. Calculate the remainder when 542 is divided by z.
14
Let s = -245 + 425. Suppose s = 4*p + 116. Suppose -7*t + 2*t = -305. What is the remainder when t is divided by p?
13
Let h(l) = l**3 - 91*l**2 - 172*l - 975. Let j(u) = 4*u**2 + u - 5. Calculate the remainder when h(93) is divided by j(-4).
52
Let q = -129 + 81. Calculate the remainder when (-3)/(-8) - 7470/q is divided by 53.
50
Let v be (-1662)/(-20) + (-34)/340. Let g = v - 41. Calculate the remainder when 71 is divided by g.
29
Suppose 4*z + 212 = 2*j, -3*z + z - 298 = -3*j. Let m = j + -80. What is the remainder when 223 is divided by m?
15
Suppose -1083 = -13*r - 576. Calculate the remainder when 2024 is divided by r.
35
Suppose 0 = -2*k - 4*c + 1526, -7*c + 9*c = -4*k + 3094. What is the remainder when k is divided by 195?
192
Suppose 5*m + 392 = -2*a + 1336, 4*a - 1888 = 3*m. Calculate the remainder when 730 is divided by a.
258
Suppose -101*t + 164*t + 286347 = 94*t. What is the remainder when t is divided by 55?
52
Suppose -8*i + 23*i + 4275 = 0. Let h = 442 + i. What is the remainder when h is divided by 53?
51
Let l be (-1 - 4)*(-2)/5. Let r = -7816 + 7819. Suppose -4*p + 389 = -3*v, -r*p + 6*p - l*v - 292 = 0. What is the remainder when p is divided by 25?
23
What is the remainder when 801 is divided by (-38940)/(-605) - (-8)/(-22)?
33
Let o = -206 + 209. Calculate the remainder when 9 is divided by (o/4)/(3 + (-162)/56).
2
Let p(f) = -f**3 + 2*f**2 + 111*f - 470. Let t(d) = 0*d**2 + 5*d**3 - d**2 + 15*d**3. Calculate the remainder when t(1) is divided by p(5).
9
Suppose 4*y = 5*g - 9*g + 5660, -5*y + 7059 = -3*g. Calculate the remainder when y is divided by 24.
21
Let q(g) = -9*g + 44. Let m be q(4). Suppose o - 4*b - 61 = 0, -2*o + 97 = 3*b + m. What is the remainder when o is divided by 1/(1 - 2)*-15?
4
Suppose r - 45 = 2*u, 0 = 3*r - 6*u + u - 138. Suppose -595*p - 5*j = -596*p + 382, 0 = p + 3*j - 422. What is the remainder when p is divided by r?
50
Let a = -99 - -3. Calculate the remainder when 51 is divided by ((-12)/10)/(a/1600).
11
Suppose -18*m = 634 - 1894. Let g = 265 - m. What is the remainder when g is divided by 50?
45
Suppose 80*x = 84*x - 60. Suppose -13*h + 448 = x*h. What is the remainder when 45 is divided by h?
13
Let v be (24/10)/((-18)/(-135)). Suppose -3*u + 9*u - v = 0. Suppose 0 = -2*m - 10, -s = 2*m + u*m - 4. Calculate the remainder when 113 is divided by s.
26
Let k(f) = 2*f + 15. Let m be k(-7). Let p be (-185)/15 + m/3. What is the remainder when 9 is divided by 0 - (p/1)/3?
1
Let d(z) = 3*z**3 + 3*z**2 - 5*z + 3. Let p be d(1). Suppose 15 = -u - s + 74, -5*u = p*s - 297. What is the remainder when u is divided by 45?
16
Let n be (-7)/(-112)*52*-8. Let c be 32/(-6)*30/(-5). Let i = n + c. Calculate the remainder when 22 is divided by i.
4
Suppose 3*i = -c + 11, 7*i - 54 = -3*c + 5*i. What is the remainder when c is divided by 426/27 + (-2)/(-9)*1?
4
Let g be (6 + 199)/(((-10)/14)/5). What is the remainder when (-2)/(g/203 - -7) is divided by 10?
9
Let b = 59 + -95. Let x = b + 15. Let c = 43 + x. What is the remainder when 87 is divided by c?
21
Let d = 15 + -12. Suppose 5*q - d = -33. What is the remainder when 7 is divided by 2/q + (-38)/(-6)?
1
Let m = 1261 - 1214. Let p(h) = -9*h**3 + 4*h**2 + 1. Calculate the remainder when p(-2) is divided by m.
42
Let b(n) be the second derivative of -15*n**3/2 - 33*n**2/2 - 132*n. Let a = 162 - 92. Calculate the remainder when a is divided by b(-1).
10
Suppose -2*p - 3*y + 414 = 0, 128 = 3*p - y - 493. Calculate the remainder when p is divided by 6.
3
Let l = 705 + -337. Let d(q) = 2*q**2 + 2*q + 74. Calculate the remainder when l is divided by d(0).
72
What is the remainder when 7 + 398 + -1 + -9 + 5 is divided by 126?
22
Let r(a) = 16*a + 470. What is the remainder when r(17) is divided by 64?
38
Suppose 4*v - x - 17 = 0, 2*x = 5*v + 6*x - 16. Suppose 1558*z - 1809*z + 9287 = 0. Calculate the remainder when (-98)/v*(-6 + 0) is divided by z.
36
Suppose 11 = -2*n - 5*x, 21*x - 15 = 26*x. Let r(u) = 41*u**2 - 3*u - 2. What is the remainder when r(-1) is divided by n?
0
Let s = -11494 + 12289. Calculate the remainder when 2389 is divided by s.
4
Suppose -3*c - 29*z + 214 = -53, 0 = 5*c + 5*z - 185. What is the remainder when 147 is divided by c?
23
Let i(z) = 6*z - 14. Let g = -42 - -55. What is the remainder when i(6) is divided by g?
9
Suppose -3 = -f, -2*a - 400 = -6*a + 4*f. Suppose -3*m + 96 = 57. What is the remainder when a is divided by m?
12
Let t be ((-981)/(-12))/(54/16 - 3). Suppose 3*i + 323 = -4*w, 0 = 3*i - i + 2*w + t. Let b = 125 + i. What is the remainder when 18 is divided by b?
6
Let a = 21490 + -21478. What is the remainder when 2206 is divided by a?
10
Suppose 0 = -3*k - 2*k - 420. Suppose 11*i = -585 - 416. Let p = k - i. Calculate the remainder when 33 is divided by p.
5
Let g(k) = 49*k**2 - 3*k - 1. Let y be g(-1). Suppose 3 = 5*q + 123. Let h = q + y. What is the remainder when h is divided by 14?
13
What is the remainder when (1 - -398) + (-7)/7 is divided by (4800/125)/(2/5) + 13 + -9?
98
Suppose 5*l - 3*j = 139, -13*l - 106 = -19*l - 4*j. Let a(k) = 3*k**2 + 6*k - 9. Calculate the remainder when a(6) is divided by l.
20
Suppose -3*p + 740 = -2*k, 3 = 25*k - 28*k. What is the remainder when 537 is divided by p?
45
Let p = -18 - -6. Let y(a) = -6*a - 10*a - 11*a**2 + 18 - a**3 + 29*a. What is the remainder when 23 is divided by y(p)?
5
Calculate the remainder when 338 is divided by (-655)/(-10) + (-39)/26.
18
Suppose -26*h + 32*h - 888 = 0. Let r be (-1)/(1/(-2))*(-22)/4. Let o = 8 - r. Calculate the remainder when h is divided by o.
15
Let l(p) = -237*p - 7687. Calculate the remainder when 396 is divided by l(-33).
128
Let c(a) = -a**3 + 40*a**2 - 60*a - 83. Let t be c(37). Suppose 0 = 5*m + 6*m - t. Calculate the remainder when m is divided by 24.
20
What is the remainder when 2190 is divided by (-9801)/(-18) - 36/(-24)?
6
Suppose -840 = 32*j - 88*j. Let p(s) be the first derivative of -s**4/4 + 5*s**3 + 4*s**2 + 9*s - 2. Calculate the remainder when p(j) is divided by 22.
19
Suppose 0 = -5*r + 21 + 39. Let w(c) = 40*c**2 - 267*c + 500. What is the remainder when w(2) is divided by r?
6
Let l be 0/((-2 - -4) + -4). Suppose 2*j - 4 = -l*j. Suppose j = -5*z - 5*m + 37, -4*z + 27 = 3*m. Calculate the remainder when 12 is divided by z.
0
Let g = 4495 - 4174. Calculate the remainder when g is divided by 28.
13
Let u(t) = -t**3 + 26*t**2 - 147*t - 2. Calculate the remainder when u(15) is divided by 88.
4
Suppose 104 = 3*s - x, 3*s - 5*x - 190 = -2*s. Calculate the remainder when 756 is divided by s.
30
Suppose -100*d + 261752 + 327148 = 0. What is the remainder when d is divided by 83?
79
Let s = -39969 - -40961. What is the remainder when s is divided by 282?
146
Let w(q) be the first derivative of -8*q**2 + 29 - 12*q + 1/3*q**3. What is the remainder when 8 is divided by w(17)?
3
Let p be (-2)/(-12) - 20/(-24). Let g be ((-77)/(-55))/(p/(-5)). Let z = -1 - g. Calculate the remainder when 14 is divided by z.
2
Let b = 7709 - 5448. What is the remainder when b is divided by 42?
35
Suppose 0 = 28*s - 170 + 126 - 236. Calculate the remainder when 8405 is divided by s.
5
Calculate the remainder when 7915/11 - (-2430)/(-4455) is divided by 142.
9
Let n(g) = 18*g + 93. Let k be n(-5). Suppose f - 211 = -2*p, -2 = p + k. Calculate the remainder when f is divided by 58.
47
Let y(x) = 2*x**3 + x**2 + 4*x - 4. Let b be y(2). Suppose -5*u + b = u. Suppose 10*g + 16 = 246. Calculate the remainder when g is divided by u.
3
Let v be (1/2 - 0)/(3/564). Suppose -111 = -5*b - 3*o, -4*b - 3*o = 2*o - v. Calculate the remainder when (-3)/9 + 124/3 is divided by b.
20
Suppose 3*w - 5*c = 286 + 300, -738 = -4*w - 2*c. Calculate t